{"id":24306,"date":"2025-06-16T18:03:20","date_gmt":"2025-06-16T23:03:20","guid":{"rendered":"https:\/\/www.elamazonico.com\/portal\/?page_id=24306"},"modified":"2025-06-16T18:03:20","modified_gmt":"2025-06-16T23:03:20","slug":"quienes-somos","status":"publish","type":"page","link":"https:\/\/www.elamazonico.com\/portal\/quienes-somos\/","title":{"rendered":"Quienes Somos"},"content":{"rendered":"<h2 style=\"text-align: center;\" data-sourcepos=\"5:1-5:9\"><strong>Visi\u00f3n<\/strong><\/h2>\n<p data-sourcepos=\"7:1-7:285\">Ser el medio de comunicaci\u00f3n referente en la Amazon\u00eda ecuatoriana, reconocido por su <strong>periodismo libre, veraz y oportuno<\/strong>, que fomenta la participaci\u00f3n ciudadana y contribuye al desarrollo de la regi\u00f3n, manteniendo siempre los m\u00e1s altos est\u00e1ndares de \u00e9tica e independencia editorial.<\/p>\n<hr data-sourcepos=\"9:1-9:3\" \/>\n<h2 style=\"text-align: center;\" data-sourcepos=\"11:1-11:9\"><strong>Misi\u00f3n<\/strong><\/h2>\n<p data-sourcepos=\"13:1-13:395\"><strong>Difundir informaci\u00f3n objetiva, verificable y relevante<\/strong> de la provincia y la regi\u00f3n amaz\u00f3nica, garantizando la <strong>libertad de prensa, el rigor period\u00edstico y el respeto a la diversidad<\/strong>. Nos comprometemos con la comunidad al brindar un espacio abierto para sus voces y asegurar que cada publicaci\u00f3n refleje nuestros principios de <strong>transparencia, responsabilidad social y \u00e9tica profesional<\/strong>.<\/p>\n","protected":false},"excerpt":{"rendered":"<p>Visi\u00f3n Ser el medio de comunicaci\u00f3n referente en la Amazon\u00eda ecuatoriana, reconocido por su periodismo libre, veraz y oportuno, que fomenta la participaci\u00f3n ciudadana y contribuye al desarrollo de la regi\u00f3n, manteniendo siempre los m\u00e1s altos est\u00e1ndares de \u00e9tica e independencia editorial. Misi\u00f3n Difundir informaci\u00f3n objetiva, verificable y relevante de la provincia y la regi\u00f3n amaz\u00f3nica, garantizando la libertad de prensa, el rigor period\u00edstico y el respeto a la diversidad. Nos comprometemos con la comunidad al brindar un espacio abierto para sus voces y asegurar que cada publicaci\u00f3n refleje nuestros principios de transparencia, responsabilidad social y \u00e9tica profesional.<\/p>\n","protected":false},"author":1,"featured_media":0,"parent":0,"menu_order":0,"comment_status":"closed","ping_status":"closed","template":"","meta":{"footnotes":""},"class_list":["post-24306","page","type-page","status-publish","hentry"],"_links":{"self":[{"href":"https:\/\/www.elamazonico.com\/portal\/wp-json\/wp\/v2\/pages\/24306","targetHints":{"allow":["GET"]}}],"collection":[{"href":"https:\/\/www.elamazonico.com\/portal\/wp-json\/wp\/v2\/pages"}],"about":[{"href":"https:\/\/www.elamazonico.com\/portal\/wp-json\/wp\/v2\/types\/page"}],"author":[{"embeddable":true,"href":"https:\/\/www.elamazonico.com\/portal\/wp-json\/wp\/v2\/users\/1"}],"replies":[{"embeddable":true,"href":"https:\/\/www.elamazonico.com\/portal\/wp-json\/wp\/v2\/comments?post=24306"}],"version-history":[{"count":1,"href":"https:\/\/www.elamazonico.com\/portal\/wp-json\/wp\/v2\/pages\/24306\/revisions"}],"predecessor-version":[{"id":24308,"href":"https:\/\/www.elamazonico.com\/portal\/wp-json\/wp\/v2\/pages\/24306\/revisions\/24308"}],"wp:attachment":[{"href":"https:\/\/www.elamazonico.com\/portal\/wp-json\/wp\/v2\/media?parent=24306"}],"curies":[{"name":"wp","href":"https:\/\/api.w.org\/{rel}","templated":true}]}}

<h2 style="text-align: center;" data-sourcepos="5:1-5:9"><strong>Visión</strong></h2>
<p data-sourcepos="7:1-7:285">Ser el medio de comunicación referente en la Amazonía ecuatoriana, reconocido por su <strong>periodismo libre, veraz y oportuno</strong>, que fomenta la participación ciudadana y contribuye al desarrollo de la región, manteniendo siempre los más altos estándares de ética e independencia editorial.</p>
<hr data-sourcepos="9:1-9:3" />
<h2 style="text-align: center;" data-sourcepos="11:1-11:9"><strong>Misión</strong></h2>
<p data-sourcepos="13:1-13:395"><strong>Difundir información objetiva, verificable y relevante</strong> de la provincia y la región amazónica, garantizando la <strong>libertad de prensa, el rigor periodístico y el respeto a la diversidad</strong>. Nos comprometemos con la comunidad al brindar un espacio abierto para sus voces y asegurar que cada publicación refleje nuestros principios de <strong>transparencia, responsabilidad social y ética profesional</strong>.</p>

<p>Visión Ser el medio de comunicación referente en la Amazonía ecuatoriana, reconocido por su periodismo libre, veraz y oportuno, que fomenta la participación ciudadana y contribuye al desarrollo de la región, manteniendo siempre los más altos estándares de ética e independencia editorial. Misión Difundir información objetiva, verificable y relevante de la provincia y la región amazónica, garantizando la libertad de prensa, el rigor periodístico y el respeto a la diversidad. Nos comprometemos con la comunidad al brindar un espacio abierto para sus voces y asegurar que cada publicación refleje nuestros principios de transparencia, responsabilidad social y ética profesional.</p>
